 97 is divided by g?
22
Let x be (-3)/(((-3)/(-6))/1). Let a be 9/6*22/(-3). Let o = x - a. What is the remainder when 13 is divided by o?
3
Suppose 2*j - 202 = -4*c, -2*j - 2*c = -0*c - 206. Suppose 4*a = -l + j, 3*a + 177 = -3*l + 5*l. Calculate the remainder when l is divided by 32.
29
Calculate the remainder when 25 is divided by 5/20 + 55/4.
11
Let q be (-80)/6 + (-2)/3. Let w = 51 + q. Suppose 5*v + 3*c - 62 = 0, -5*c + c = -2*v + 30. Calculate the remainder when w is divided by v.
11
Suppose -2*j - 5 = 37. What is the remainder when 6/21 - 750/j is divided by ((-78)/(-12))/(1/2)?
10
Let o be -39*(-5)/((-15)/(-4)). Suppose 0*x - 4*x + o = 0. Suppose -2*m - 2 = 3*s, x = 4*m + s - 3. Calculate the remainder when m is divided by 3.
2
Let f be (6/(-4))/(3/(-8)). What is the remainder when (f/10)/((-3)/(-90)) is divided by (1 - 1) + -9 + 16?
5
Suppose 4*i + 4*k = 0, -2*i - 4*k = -6*k - 4. Suppose n - 5*n + 5*g - 10 = 0, -i = n - 2*g. Calculate the remainder when 18 is divided by n*(-1 - 0/(-3)).
3
Suppose 0*m + 3*m = 2*f - 53, -2*m = f - 23. Let x = -77 + 149. Calculate the remainder when x is divided by f.
22
Let x be -3*(2 - 5/3). Let s be -1*1*4*x. Suppose -s*p + 0*p + 46 = 2*i, -4*p + 8 = 0. Calculate the remainder when 55 is divided by i.
17
Let m(d) = -2*d**3 - d**2 - 3*d - 1. Let f(l) = l**3 + 7*l**2 + 7*l + 4. Let o be f(-6). What is the remainder when 31 is divided by m(o)?
14
Suppose 19 = c - f, -5*c - 3*f = f - 77. Calculate the remainder when 64 is divided by c.
13
Suppose -5*h = 4*q - 66, -2*h - 2*q + 6 + 22 = 0. Suppose -h = 2*i - 100. Calculate the remainder when i is divided by 12.
9
Let l(h) = -h**2 - 15*h - 13. Calculate the remainder when l(-12) is divided by 13.
10
Suppose -2*o - 3 + 9 = 0, 3*k = -2*o + 15. Suppose 6*y - 3*y + 25 = 2*q, 2*y = -q + 9. Calculate the remainder when q is divided by k.
2
What is the remainder when 28 is divided by (18/12 - 1) + 99/6?
11
Calculate the remainder when 61 is divided by (6/(-15))/((-1)/50).
1
Suppose 3*h - 4 = -h, -5*q = 3*h - 898. What is the remainder when q is divided by 45?
44
Suppose 0 = y - 35 + 9. Calculate the remainder when 50 is divided by y.
24
Suppose 168 = 3*s - 72. Suppose 2*d + 10 = s. Suppose -19 = -2*q + d. What is the remainder when q is divided by 14?
13
Suppose 10 = -5*u - 15. Let q = 8 + u. What is the remainder when q is divided by 3?
0
Suppose s + 9 = 3*l + 27, -4*s = -2*l - 22. Suppose 0 = -u + s + 4. Let p(z) = z - 2. Calculate the remainder when p(u) is divided by 3.
2
Let n(r) = r**3 - 9*r**2 + 10*r - 9. Suppose -u = -2*u + 8. Calculate the remainder when n(u) is divided by (1/(-3))/(2/(-18)).
1
Suppose 5*x - 4*j = -0*j + 15, 3 = x + 2*j. Let l(o) = 2*o. Let z = 25 - 15. What is the remainder when z is divided by l(x)?
4
Let d(p) = 6*p**3 - 4*p**2 + 2*p. Let f be d(4). Suppose 5*r = 78 - f. Let o = r + 79. What is the remainder when o is divided by 8?
5
Let n(u) = u**2 + 7*u - 18. What is the remainder when 47 is divided by n(-10)?
11
Let a = 90 - -25. Calculate the remainder when a is divided by 29.
28
Let v = 46 + -36. Let n(a) = a**2 - 5*a + 5. Let r be n(5). Suppose -r*b + 68 = -17. Calculate the remainder when b is divided by v.
7
What is the remainder when 3/(-7) + (-3664)/(-56) is divided by 34?
31
Suppose 0 = x - 25 + 1. Suppose -i = 5*l - x - 13, 3*l - 9 = 0. Let g(b) = -b**3 + 11*b**2 - 10*b + 12. Calculate the remainder when i is divided by g(10).
10
Suppose 8*k - 808 = -216. What is the remainder when k is divided by 15?
14
Suppose -9*j + 155 = -4*j. Suppose 0 = -5*n + j + 104. Calculate the remainder when 80 is divided by n.
26
Let o be (-1)/3 + (-68)/(-6). Let w = o - 0. Calculate the remainder when ((-5)/10)/((-1)/42) is divided by w.
10
Let n = 23 + 9. Let l(t) = 3*t**2 - 2*t + 1. What is the remainder when n is divided by l(-2)?
15
Suppose -4*w = 0, 5*x + 0*w = 4*w + 30. Let m = x + -3. Suppose -o - 3*o = -m*s - 14, 6 = 3*s. What is the remainder when 19 is divided by o?
4
Let b = 178 + -114. Suppose 2*g = b + 28. Calculate the remainder when g is divided by 24.
22
Calculate the remainder when 18 is divided by (-1 + -19)/(-6 - -4).
8
Suppose 4*x = 8 + 12. Suppose 0 = 8*f - x*f - 15. Suppose f*b - 30 = 75. What is the remainder when b is divided by 8?
5
Suppose -3*a = a + 64. Let h = -2 - a. What is the remainder when 21 - (28/(-4) - -1) is divided by h?
13
Suppose -2039 = -22*b + 271. What is the remainder when b is divided by 31?
12
Let v = -104 + 107. Calculate the remainder when 8 is divided by v.
2
Let m(n) = 5*n - n**2 - 7 - 20*n - 10. What is the remainder when m(-12) is divided by 5?
4
Let c be -3 - -5*(-1 - -2). Suppose 0 = c*f - 0*f. Suppose -5*z + f*z = -25, -153 = -4*g + 3*z. What is the remainder when g is divided by 11?
9
Let m(w) = 8 + 0 - 5 + 2*w. Let k(i) = -i**3 + 5*i**2 - 4*i + 6. Let b be k(4). What is the remainder when 29 is divided by m(b)?
14
Suppose -4*y + 141 = 5*u, -u = -5*u + y + 96. Let p(v) = 2*v + 66. Calculate the remainder when p(4) is divided by u.
24
Let h(o) = -o**2 - 4*o + 7. Let g be h(-5). Let s = g + 4. What is the remainder when s is divided by 2?
0
Suppose -4*f + 9 = 5*c - 17, 0 = 5*f - 20. Suppose 4*n = 0, 6*m - c*m - 2*n = 20. What is the remainder when 17 is divided by m?
2
Suppose 53 = 2*n + n - y, y + 5 = 0. Let i(p) = -p**2 - 2*p. Let h be i(-3). Let c = h + 33. What is the remainder when c is divided by n?
14
Let t = -54 + 66. What is the remainder when 22 is divided by t?
10
Let u = 6 - 5. Let r be u/(-3) - (-4)/(-6). Calculate the remainder when (-1 - -1)/r + 19 is divided by 7.
5
Let s be 376/(-9) + 4/(-18). Calculate the remainder when 54 is divided by s*(0 + (-4)/12).
12
Suppose l - 5 = -2*v, 6 - 1 = l - 3*v. Suppose -c = -l - 14. What is the remainder when c is divided by ((-7)/(-4))/(3/12)?
5
Let f(r) = -r**3 + 9*r**2 + 2. Let g be f(9). Let h = -5 - -22. Calculate the remainder when h is divided by -3 + (-9)/g*-2.
5
Suppose -4*g = -3*z + 16 - 100, 3*g - 63 = -z. Suppose v = -6 + 14. What is the remainder when g is divided by v?
5
Suppose 0*n - 2*n - 4 = 0. Let p be 10/8 + n/8. Calculate the remainder when 10 is divided by (p - 0)/((-3)/(-18)).
4
Suppose -4*a + 5*a = 4. Suppose -2*v + 14 = -a. Calculate the remainder when 33 is divided by v.
6
Suppose 5 = 3*i + 4*s, 3*i + 1 = -3*s + 7. Suppose -5 = i*n - 41. What is the remainder when 23 is divided by n?
11
Let n be 39/2 - (-6)/12. Suppose -43 = -3*d - i, -3*d - 5*i + n = -d. Calculate the remainder when 43 is divided by d.
13
Suppose 2*o = -o + 9. Suppose -2*p + 1 - 6 = -o*z, 5*z - 40 = -3*p. Calculate the remainder when 7 is divided by z.
2
Let x(g) be the third derivative of -g**6/120 - 2*g**5/15 - 5*g**4/24 + g**3/3 - 3*g**2. What is the remainder when x(-8) is divided by 11?
9
Let r(c) = -2*c + 9. Let u be r(-10). Suppose 2*p = 3*p - u. What is the remainder when p is divided by 10?
9
Suppose -16*d = -21*d + 45. Let x(l) = l**3 - l + 5. Calculate the remainder when d is divided by x(0).
4
Calculate the remainder when (-34)/((-2)/(-3)*-3) is divided by 5.
2
Let s = 226 - 160. Calculate the remainder when s is divided by 35.
31
Suppose 3*n = -0*n + 99. Calculate the remainder when n is divided by 5.
3
Let f = 25 - 9. Calculate the remainder when 27 is divided by f.
11
Let h = 145 - 97. What is the remainder when h is divided by 18?
12
What is the remainder when 34 is divided by 3/(-2 - (-21)/9)?
7
Let y(i) = -7*i - 2. What is the remainder when y(-6) is divided by 7?
5
Suppose 37 = 2*r - r. Let g = r + -19. Let q = g + 13. What is the remainder when q is divided by 16?
15
Let i be 6 - (3/3 + 1). Suppose 2*f - 3*t - 22 = -4*t, i*t + 22 = 2*f. Let z(w) = -5*w - 13. Calculate the remainder when z(-9) is divided by f.
10
Let x(k) = k**2 + k. Suppose 12 = r + 2*n, n + 0 + 4 = 2*r. Let y be r*(0 + -1)*1. Calculate the remainder when 35 is divided by x(y).
11
Let u be (-1)/(-4) - 511/(-4). Suppose 0 = 4*m - 5*g - u, 4*m + 0*g = -g + 128. What is the remainder when m is divided by 11?
10
Suppose -4*t + 38 = -2. Suppose -2*m + 29 = -m. Let g = -1 + m. What is the remainder when g is divided by t?
8
Let u(z) = -2*z**3 - 9*z**2 - 15*z - 21. Let n(l) = 3*l**3 + 13*l**2 + 23*l + 32. Let p(v) = -5*n(v) - 8*u(v). What is the remainder when p(